ivisor of 856 and 8?
8
Calculate the greatest common divisor of 18 and 11958.
6
Calculate the greatest common divisor of 520 and 403.
13
What is the greatest common divisor of 7620 and 30?
30
What is the greatest common divisor of 70 and 73290?
70
What is the greatest common divisor of 322 and 14?
14
What is the greatest common factor of 104 and 7592?
104
Calculate the greatest common factor of 174 and 4379.
29
Calculate the highest common factor of 24 and 588.
12
What is the greatest common divisor of 111 and 25086?
111
Calculate the highest common factor of 66 and 60.
6
What is the greatest common divisor of 783 and 58?
29
Calculate the highest common factor of 156 and 12.
12
What is the highest common divisor of 954 and 9?
9
Calculate the greatest common factor of 4559 and 97.
97
Calculate the greatest common factor of 38 and 30.
2
Calculate the highest common divisor of 96 and 12.
12
Calculate the greatest common factor of 88 and 2424.
8
Calculate the highest common factor of 2300 and 4.
4
What is the greatest common factor of 140 and 2688?
28
What is the highest common factor of 50 and 2?
2
Calculate the highest common divisor of 1025 and 451.
41
Calculate the highest common factor of 49 and 833.
49
Calculate the greatest common factor of 20 and 110.
10
Calculate the greatest common divisor of 143 and 26.
13
What is the greatest common divisor of 2 and 151?
1
What is the highest common divisor of 25 and 5?
5
What is the highest common divisor of 140 and 35?
35
What is the greatest common factor of 595 and 4403?
119
What is the highest common factor of 30413 and 17?
17
What is the highest common divisor of 24 and 453?
3
What is the greatest common divisor of 221 and 26?
13
What is the highest common factor of 13 and 767?
13
What is the highest common divisor of 36 and 1854?
18
Calculate the greatest common factor of 14 and 182.
14
What is the greatest common divisor of 18 and 1818?
18
What is the highest common factor of 459 and 17?
17
What is the highest common factor of 1603 and 14?
7
What is the greatest common factor of 74 and 259?
37
Calculate the highest common divisor of 747 and 18.
9
Calculate the highest common divisor of 45 and 81.
9
Calculate the highest common divisor of 330 and 570.
30
What is the highest common divisor of 1212 and 24?
12
What is the greatest common divisor of 342 and 1672?
38
What is the greatest common factor of 75 and 1350?
75
Calculate the greatest common divisor of 46768 and 8.
8
Calculate the greatest common factor of 17 and 510.
17
Calculate the highest common factor of 68 and 1751.
17
Calculate the greatest common divisor of 320 and 10.
10
What is the highest common divisor of 1296 and 234?
18
What is the highest common divisor of 275 and 50?
25
What is the greatest common factor of 424 and 1802?
106
What is the greatest common divisor of 123 and 21?
3
What is the highest common factor of 3809 and 13?
13
What is the highest common factor of 35 and 945?
35
Calculate the highest common divisor of 3 and 1.
1
Calculate the greatest common factor of 213 and 3266.
71
What is the highest common divisor of 12 and 249?
3
What is the highest common divisor of 2891 and 98?
49
Calculate the greatest common divisor of 646 and 34.
34
Calculate the highest common divisor of 19472 and 128.
16
What is the greatest common divisor of 10807 and 101?
101
What is the greatest common divisor of 16140 and 45?
15
Calculate the greatest common divisor of 90 and 20.
10
Calculate the greatest common divisor of 10695 and 23.
23
What is the greatest common divisor of 1680 and 48?
48
Calculate the greatest common divisor of 69 and 46.
23
What is the greatest common factor of 22 and 2750?
22
What is the highest common divisor of 28 and 2198?
14
What is the highest common factor of 95 and 1216?
19
What is the highest common factor of 128 and 44?
4
What is the highest common factor of 100 and 75?
25
Calculate the greatest common factor of 10 and 110.
10
What is the greatest common factor of 24 and 48?
24
What is the highest common factor of 10 and 860?
10
Calculate the greatest common divisor of 477 and 212.
53
What is the highest common factor of 403 and 155?
31
What is the highest common factor of 18 and 62?
2
What is the highest common factor of 132 and 31812?
132
Calculate the highest common divisor of 9864 and 126.
18
Calculate the highest common divisor of 2478 and 168.
42
Calculate the greatest common factor of 44 and 13354.
22
Calculate the highest common divisor of 105 and 280.
35
What is the highest common factor of 29014 and 163?
163
What is the greatest common factor of 138 and 36?
6
What is the highest common divisor of 651 and 21?
21
What is the highest common factor of 90 and 1245?
15
What is the highest common factor of 42 and 273?
21
What is the highest common divisor of 228 and 152?
76
What is the highest common factor of 58 and 68?
2
What is the greatest common factor of 108 and 2322?
54
Calculate the highest common divisor of 1480 and 111.
37
Calculate the greatest common factor of 1887 and 111.
111
What is the highest common divisor of 64 and 15008?
32
Calculate the highest common factor of 2938 and 26.
26
Calculate the highest common factor of 2587 and 39.
13
Calculate the greatest common divisor of 64 and 2144.
32
What is the highest common factor of 18 and 1458?
18
Calculate the greatest common divisor of 1001 and 11.
11
What is the greatest common divisor of 24949 and 61?
61
What is the greatest common factor of 234 and 2418?
78
Calculate the highest common factor of 104 and 416.
104
Calculate the highest common divisor of 120 and 1524.
12
Calculate the highest common factor of 12 and 591.
3
Calculate the highest common divisor of 87 and 145.
29
What is the highest common divisor of 2 and 32?
2
What is the highest common factor of 289 and 136?
17
What is the greatest common factor of 6 and 960?
6
What is the highest common divisor of 54 and 3078?
54
What is the highest common divisor of 215 and 86?
43
What is the highest common divisor of 45 and 8865?
45
Calculate the greatest common factor of 117 and 9.
9
What is the greatest common factor of 40 and 290?
10
What is the highest common factor of 544 and 32?
32
What is the greatest common factor of 145 and 29?
29
What is the highest common divisor of 74 and 1998?
74
Calculate the highest common divisor of 128 and 72.
8
What is the highest common divisor of 3791 and 5575?
223
What is the greatest common divisor of 177 and 59?
59
What is the highest common divisor of 33 and 44?
11
What is the greatest common divisor of 28336 and 154?
154
What is the greatest common divisor of 24 and 216?
24
Calculate the greatest common factor of 18 and 12.
6
Calculate the greatest common factor of 1692 and 36.
36
What is the highest common factor of 2321 and 88?
11
What is the highest common divisor of 3 and 60?
3
Calculate the greatest common divisor of 558 and 310.
62
Calculate the greatest common factor of 16 and 112.
16
What is the greatest common divisor of 254 and 8509?
127
Calculate the greatest common divisor of 36 and 117.
9
What is the greatest common factor of 119 and 14?
7
What is the greatest common factor of 612 and 1088?
68
Calculate the greatest common divisor of 268 and 164.
4
Calculate the greatest common divisor of 60 and 105.
15
Calculate the highest common factor of 7697 and 86.
43
What is the greatest common factor of 9703 and 93?
31
What is the greatest common factor of 392 and 490?
98
What is the highest common factor of 9344 and 438?
146
What is the greatest common factor of 142 and 60?
2
Calculate the greatest common factor of 640 and 130.
10
Calculate the greatest common factor of 1312 and 224.
32
Calculate the highest common divisor of 99 and 27.
9
Calculate the greatest common factor of 4 and 250.
2
What is the highest common divisor of 442 and 68?
34
What is the highest common factor of 9 and 28?
1
Calculate the highest common divisor of 15276 and 114.
114
Calculate the highest common factor of 360 and 1026.
18
Calculate the greatest common factor of 208 and 144.
16
Calculate the highest common divisor of 99 and 21.
3
What is the highest common divisor of 732 and 12?
12
Calculate the greatest common divisor of 259 and 3071.
37
Calculate the highe